8909 prime?
False
Is 10768291603 a composite number?
True
Is 1776527237 prime?
True
Is 678393169 composite?
False
Is 410868645905 a composite number?
True
Is 112084867 composite?
False
Is 63058141 a composite number?
True
Is 648449863 prime?
True
Is 589358653 prime?
False
Is 1150097981 a prime number?
True
Is 181825481 a prime number?
True
Is 21443330117 a composite number?
True
Is 12869225819 a composite number?
False
Is 36016708058 a composite number?
True
Is 56881047233 a composite number?
False
Is 289369621 prime?
True
Is 78320582849 prime?
True
Is 6624876017 composite?
True
Is 8442641 a composite number?
False
Is 4613037659 prime?
True
Is 246379919 composite?
False
Is 3851394529 a prime number?
True
Is 1614578591 a prime number?
False
Is 1855789591 composite?
False
Is 25275151 a composite number?
True
Is 7240732129 composite?
True
Is 15678799 prime?
False
Is 3666210677 a composite number?
False
Is 609127417 a composite number?
False
Is 28665188473 a prime number?
False
Is 5802741841 a composite number?
True
Is 1484897741 prime?
True
Is 883713847 composite?
False
Is 302487611 a composite number?
False
Is 27396136619 composite?
False
Is 278835323 a composite number?
True
Is 12037751849 a composite number?
False
Is 8402447827 prime?
True
Is 120727227437 a prime number?
False
Is 39033645286 composite?
True
Is 5081055407 a composite number?
True
Is 5368384873 a prime number?
True
Is 126060217 a prime number?
False
Is 11711368677 composite?
True
Is 1275343453 a composite number?
False
Is 6376589761 a composite number?
False
Is 849873803 a prime number?
True
Is 1943089607 a composite number?
True
Is 27264002713 prime?
False
Is 12492643781 a composite number?
False
Is 4665053047 prime?
True
Is 504453071 composite?
False
Is 6423867047 prime?
False
Is 10059865297 a prime number?
True
Is 11150615221 a prime number?
True
Is 67726185473 a prime number?
False
Is 1015860887 a composite number?
False
Is 3335468491 prime?
True
Is 4065541369 prime?
False
Is 25734888383 composite?
False
Is 21502052281 a composite number?
False
Is 304722191 prime?
False
Is 38324667371 composite?
False
Is 231224899 a prime number?
True
Is 31463892971 a prime number?
False
Is 2872998383 composite?
False
Is 5080037383 prime?
False
Is 3947278241 composite?
False
Is 1117754861 a prime number?
True
Is 302135761 composite?
False
Is 24491301091 composite?
True
Is 145921297 a prime number?
True
Is 6323608999 a composite number?
False
Is 3559248281 prime?
False
Is 7763413774 a prime number?
False
Is 18272434529 a composite number?
False
Is 15101942759 prime?
True
Is 1398551983 a prime number?
False
Is 8708218813 a composite number?
True
Is 223899237449 a composite number?
False
Is 12963093161 a prime number?
True
Is 223448398391 composite?
False
Is 321474983 a prime number?
True
Is 16728351637 composite?
False
Is 7713151657 a prime number?
True
Is 13379055937 a prime number?
False
Is 23894056139 composite?
False
Is 258134189 prime?
True
Is 2767438411 a composite number?
True
Is 1989242557 prime?
True
Is 270875029 a prime number?
True
Is 3376844437 prime?
False
Is 74089631633 a prime number?
True
Is 254468549219 a composite number?
False
Is 2917165913 a composite number?
False
Is 5302302461 a composite number?
True
Is 26155406503 a composite number?
False
Is 11273015279 a composite number?
True
Is 6444937 a composite number?
False
Is 12886087 composite?
True
Is 2726925511 a composite number?
True
Is 221047129 a composite number?
False
Is 17705874353 prime?
False
Is 164153839 a composite number?
True
Is 20565159343 a prime number?
True
Is 142432523 a composite number?
True
Is 48590951341 a prime number?
True
Is 8402462251 a prime number?
True
Is 2933786945 prime?
False
Is 11261647333 a composite number?
False
Is 9248359319 a prime number?
False
Is 43935224101 a prime number?
True
Is 3092523803 prime?
True
Is 871497229 prime?
False
Is 11946334429 composite?
True
Is 8937669677 prime?
True
Is 65249277187 prime?
False
Is 917821789 a prime number?
False
Is 19033775633 a prime number?
True
Is 158559809 prime?
True
Is 12534342473 a prime number?
False
Is 27860111 composite?
False
Is 6623245357 composite?
False
Is 6710364373 prime?
False
Is 159623791321 prime?
False
Is 1464686723 composite?
True
Is 217537337 composite?
True
Is 6288871457 composite?
True
Is 421777987 a composite number?
False
Is 46676699 a composite number?
False
Is 601644427 a prime number?
True
Is 2527311097 a composite number?
True
Is 138360524479 a composite number?
False
Is 156187780199 prime?
False
Is 10596097163 a composite number?
True
Is 545155861 a prime number?
True
Is 9458835773 a composite number?
False
Is 537528997 a composite number?
False
Is 15846237569 a composite number?
False
Is 26403042241 prime?
True
Is 1129919111 composite?
False
Is 3944404633 a prime number?
False
Is 4988994683 prime?
True
Is 14341529 composite?
True
Is 3296718907 a composite number?
True
Is 3198058631 prime?
True
Is 752657527 a composite number?
False
Is 110825533367 a composite number?
True
Is 4891850681 composite?
True
Is 1316122897 composite?
False
Is 544618849 prime?
False
Is 24960175061 a prime number?
True
Is 3357537947 a prime number?
True
Is 277333003889 prime?
True
Is 6905820589 prime?
True
Is 79205166941 prime?
True
Is 229302011 a composite number?
False
Is 38170090631 prime?
True
Is 755538031 composite?
False
Is 17533877561 a prime number?
True
Is 10025534153 prime?
True
Is 4803555947 a composite number?
False
Is 986623489 composite?
False
Is 9881125493 composite?
False
Is 5536297811 composite?
True
Is 6676030649 prime?
True
Is 752760353 composite?
True
Is 2127753718 a composite number?
True
Is 3419126533 a prime number?
False
Is 418029869 prime?
True
Is 1856006419 a prime number?
False
Is 2339175331 prime?
True
Is 56552462159 a prime number?
False
Is 46978969703 composite?
False
Is 4239497831 composite?
True
Is 281560933 prime?
False
Is 252206691569 prime?
False
Is 3021007747 composite?
False
Is 3182011981 prime?
False
Is 26285537 a composite number?
True
Is 3937865389 a prime number?
True
Is 632530621 a composite number?
False
Is 2770250167 composite?
True
Is 4455088283 prime?
True
Is 3425679913 composite?
False
Is 27225946549 prime?
False
Is 14515922243 a composite number?
True
Is 51878877907 prime?
True
Is 1425820133 prime?
False
Is 6048553489 a composite number?
True
Is 3176128489 prime?
False
Is 14584852417 a composite number?
True
Is 1406363197 a composite number?
False
Is 4051873457 a prime number?
True
Is 3267962837 a composite number?
True
Is 3988327159 prime?
True
Is 200717477 a prime number?
True
Is 2627847353 composite?
False
Is 7385911653 a composite number?
True
Is 5132069581 composite?
False
Is 83172887939 a prime number?
True
Is 7922045123 a prime number?
True
Is 18135395923 a prime number?
False
Is 72509527239 a prime number?
False
Is 31863236095 a prime number?
False
Is 14167095563 a prime number?
False
Is 4702105703 a composite number?
True
Is 2770790237 composite?
True
Is 5232969793 a prime number?
True
Is 1146161279 composite?
False
Is 2210051759 a prime number?
True
Is 1991458549 composite?
True
Is 4220613577 prime?
True
Is 644030411 a composite number?
False
Is 1090927889 composite?
False
Is 111114982163 a composite number?
True
Is 2964690221 composite?
False
Is 7327531889 a composite number?
True
Is 166065870937 a composite number?
False
Is 12705854411 a prime number?
False
Is 4368063263 a composite number?
True
Is 110006119747 a composite number?
False
Is 7073112707 composite?
False
Is 11734032199 composite?
True
Is 6749925907 prime?
True
Is 958676039 composite?
False
Is 14918970271 a composite number?
True
Is 3259723031 prime?
False
Is 9408042739 a composite number?
False
Is 1784224173 a prime number?
False
Is 546488321 a composite number?
True
Is 2928803803 composite?
False
Is 4343300761 a composite number?
True
Is 80324681 composite?
False
Is 2486246449 composite?
False
Is 3791599991 prime?
True
Is 16223277549 prime?
False
Is 18225936103 prime?
True
Is 4321193203 prime?
True
Is 199831367 prime?
True
Is 3901048233 composite?
True
Is 15860004145 prime?
False
Is 1506985013 prime?
False
Is 16992049 a composite number?
False
Is 7070432741 composite?
True
Is 166672133 prime?
False
Is 68815562638 comp